se -12*y + 17*y = -12895. What are the prime factors of y/(-7) - 30/70?
2, 23
Let c(x) be the first derivative of 2*x**3/3 + 5*x**2 + 105*x - 97. List the prime factors of c(-16).
457
Suppose 3*k - 27*q - 12609 = -29*q, 3*k + 3*q = 12609. List the prime factors of k.
3, 467
List the prime factors of (-11)/(-22)*7556 - 8.
2, 5, 13, 29
Let t = 34 + -41. Let j = -11 - t. What are the prime factors of ((-5)/j)/((-1)/(-68))?
5, 17
Suppose -5*d + 11 + 154 = 0. Let r = d + -17. Let l = r - -8. List the prime factors of l.
2, 3
Let v(a) = -a**2 + a + 1. Let q(d) = d**3 - 3*d**2 + 3*d - 11. Let i(c) = -q(c) - 2*v(c). List the prime factors of i(4).
5
Let q(f) = 10*f**2 - 218*f - 294. What are the prime factors of q(47)?
2, 3, 5, 7, 11
Let o = 78476 - 37804. List the prime factors of o.
2, 31, 41
Let s be (-6)/8 + (-30)/(-8). Let c(g) = -36 + 19 + 19 + 22 + s*g. What are the prime factors of c(5)?
3, 13
Suppose 780*c = 811*c - 39928. What are the prime factors of c?
2, 7, 23
Let q(u) = 2*u**3 - 25*u**2 + 173*u + 150. What are the prime factors of q(25)?
2, 3, 5, 67
Suppose -150*c = -89*c - 17263. What are the prime factors of c?
283
Let x = -25 - -29. Suppose -12 = x*z, 4*z = -r - 0*r - 8. Suppose 0 = 4*s - 10*o + 5*o - 571, -r*o + 765 = 5*s. What are the prime factors of s?
149
Let b(y) = -12*y + 91. Let m be b(8). What are the prime factors of 11/66 - (44870/12)/m?
2, 11, 17
Let l(p) = -2*p**3 + 96*p**2 + 196*p - 113. What are the prime factors of l(42)?
29287
Let l(j) be the first derivative of -j**3/3 + 9*j**2 + 17*j + 20. Suppose -16*x + 14*x + 28 = 0. List the prime factors of l(x).
73
Suppose 6*s - 3*s = 9, 5*o + 5*s = 19565. Suppose -6*r + o = 4*r. What are the prime factors of r?
17, 23
Suppose -3*k = 4*o + 25, 3*k - 5*o + 8 + 8 = 0. Let p(i) = i**3 + 5*i**2 - 26*i - 36. List the prime factors of p(k).
2, 3
Let y = -15 + 15. Let h be y - (12/4 + -8). Suppose -2*c + 3*d - d + 46 = 0, h*d - 25 = 0. What are the prime factors of c?
2, 7
What are the prime factors of 18082 + -60 + (11 + 1)/(-6)?
2, 5, 17, 53
Let c be (-30562)/(-91) - (-3)/(-39)*-2. Suppose -10*k = -6*k + c. Let v = k - -167. List the prime factors of v.
83
What are the prime factors of 13196 - (39/((-78)/4) + (-3 - 1))?
2, 7, 23, 41
Let g be (2/6)/(115/690). Suppose 5*s - 22 = 93. Suppose g*r = 3*r - s. List the prime factors of r.
23
Let w be (-30)/(-9) - (-20)/12. What are the prime factors of (72/w)/(22/55)?
2, 3
Let w = -4892 - -11866. List the prime factors of w.
2, 11, 317
Let r = -29 - -31. Suppose -r*j = a - 5*a + 32, 0 = 5*a - 2*j - 42. What are the prime factors of 0 + 3 + -5 + a?
2
Let v(u) = u**2 + 18*u + 170. Let g be v(-11). List the prime factors of 8 - 176/(-24)*g.
2, 3, 5, 23
Let d be -1 - (1 + (1 - -8)). Let o(u) = u**2 + 16*u + 14. Let i be o(d). Let x = 37 - i. List the prime factors of x.
2, 3, 13
Let u(s) = 151*s**2 - 4*s - 82. List the prime factors of u(7).
37, 197
Suppose -8*y + 9*y = 2. Suppose 0 = 5*z - z - 4*m, -5*z - 15 = -y*m. What are the prime factors of (-852)/(-8) + z/(-10)?
107
Let v(o) = -o**2 - 264*o - 1177. What are the prime factors of v(-79)?
2, 6719
Let v(o) be the third derivative of o**5/12 - o**4/6 + 43*o**3/6 + 6*o**2 - 8. What are the prime factors of v(8)?
331
What are the prime factors of (-61 + 40)/((-12)/14008)?
2, 7, 17, 103
What are the prime factors of 588/(-168) - 16618/(-4)?
7, 593
Suppose 0*y = -6*y + 40086. What are the prime factors of y?
3, 17, 131
Suppose -2*t = 6*t - 2*b - 32610, -2*t + 8130 = 4*b. What are the prime factors of t?
5, 163
Suppose 5*o - 3*j - 20890 = -j, -j - 8355 = -2*o. What are the prime factors of o?
2, 5, 11, 19
Let y(z) = -5*z**2 + 35*z + 68. Let c be y(17). Let x = c + 1357. What are the prime factors of x?
5, 23
Let h = -74 + 79. Suppose -5*t - 7*y + 4*y + 1685 = 0, 5*y = h*t - 1725. What are the prime factors of t?
2, 5, 17
Let f(v) be the first derivative of -9*v - 11/2*v**2 + 6. What are the prime factors of f(-10)?
101
Let d(j) = -8*j**3 - 2*j**2 + 16*j - 3. Let r(g) = -1. Let a(c) = -d(c) - 2*r(c). What are the prime factors of a(3)?
191
Let r(q) = 1520*q - 2. List the prime factors of r(4).
2, 3, 1013
Let d(x) = -8*x - 126. Let a be d(-16). Suppose -4*p - 6*b + 1884 = -b, -a*p = b - 936. List the prime factors of p.
2, 233
Suppose -3*p + p - d = 11, 26 = p - 4*d. Let l be 15/(-9) - (-2)/3. List the prime factors of p*l/(4/158).
79
Suppose -c + 2641 + 7186 = -5*h, 0 = c + 3*h - 9779. What are the prime factors of c?
97, 101
Let o = 26 + -22. Suppose 2*s - 4*n - 30 = 0, -o*s = -0*n - 2*n - 90. What are the prime factors of -3*s/(-30)*14?
5, 7
What are the prime factors of -2315*4/(-70)*7?
2, 463
Suppose 0 = 5*w + 3*b - 13588, b = -8 + 4. Suppose 2*q = 19*q - w. List the prime factors of q.
2, 5
Suppose -25*p + 23*p = -1980. Suppose 169*a + p = 174*a. What are the prime factors of a?
2, 3, 11
Let x be ((-4)/(-2))/(-2 - (-48)/28). Let n(q) = -342*q + 21. Let a be n(x). Suppose 226 - a = -11*s. List the prime factors of s.
199
Suppose 2*f - 3*z = 0, f = 3*z - 4*z + 5. Suppose 5*l = 3*x - 5*x + 41, f*x = -3*l + 30. Suppose 4*h - l*h + 90 = 0. List the prime factors of h.
2, 3, 5
Suppose 5 = -4*z - z, 3*z - 32 = -f. Suppose -f*u + 11097 = -13123. List the prime factors of u.
2, 173
Let v(h) = 55 - 2*h - 3*h + 3*h - 2*h + h**2 + 0*h. What are the prime factors of v(-27)?
2, 223
Let m(h) = -57*h - 6. Suppose 3*f + 11 = t, 5*t + 0*f - 5 = 5*f. Let u be m(t). Let j = 315 - u. What are the prime factors of j?
3, 31
Let w(r) = 2*r**2 + 31*r - 483. List the prime factors of w(64).
3, 359
Suppose 52 = -3*p + 142. List the prime factors of (32 - p)/(4/1266).
3, 211
Let x be ((-4)/12)/((-2)/(-30)). Let j = -8 - x. What are the prime factors of 1002/4*-4*j/18?
167
Let u(q) = 6*q + 230. Let m be u(-39). What are the prime factors of -5 - (m - -4 - 276)?
271
Suppose 166*p - 85938 = 165*p. What are the prime factors of p?
2, 3, 14323
List the prime factors of ((-47)/((-987)/72))/((-2)/(-217)).
2, 3, 31
Let f be -92*148/(-16) - 0. Suppose -z - 8 = -f. What are the prime factors of z?
3, 281
Suppose 0 = c + 4*c - 15. Suppose -2*f - c*q = -195, 0 = -4*f - 0*q - 2*q + 370. Suppose 4*u + 5*p - f = -u, 2*u - 8 = 5*p. List the prime factors of u.
2, 7
Let t be (-3 - -9)*2/6. Let s(g) = 264*g**3 + 2*g**2 + 2*g - 1. Let o be s(t). Suppose -o = 14*l - 25*l. List the prime factors of l.
193
Let b be 20*(-4)/(-16) + (1 - 1). Suppose -18 = -3*s + 4*l + 823, 563 = 2*s - b*l. Let m = -149 + s. List the prime factors of m.
2, 5, 13
Suppose -3 = -g - 0*t + 3*t, 2*g - 4*t = 6. Let v be (g - (-39)/2)*-18. List the prime factors of (-2)/2*v/5.
3
Let y = -59880 + 108416. What are the prime factors of y?
2, 6067
Let r be -4*2*4/(-16). Suppose 0 = r*k + p + 36, 0 = -4*k + 5*p - 73 - 13. List the prime factors of (k + -4)/(-1)*5.
5, 23
Suppose 0 = -98*i + 229962 + 61098. List the prime factors of i.
2, 3, 5, 11
Let r = 493 + -491. Suppose -5*n = -5, -r*m - n = 2*n - 2869. What are the prime factors of m?
1433
Let c be 7/(-3)*36/4. Let i be (-27)/2*((-14)/c + -2). What are the prime factors of 2/4*(1 + i/2)?
5
Let u(j) be the second derivative of j**5/20 + 4*j**4/3 - 13*j**3/6 - 31*j**2/2 + 66*j. What are the prime factors of u(-11)?
3, 239
Suppose 235*j - 367168 = 415084 + 336348. List the prime factors of j.
2, 5, 7, 17
Let y = -732 + 1321. Let u = -354 + y. What are the prime factors of u?
5, 47
Suppose 9*s = 10*s - 2. What are the prime factors of (35/3 - s)/(1/57)?
19, 29
Suppose 11 = 4*q - 69. Let g = q - 24. List the prime factors of (-1)/(-3)*((-240)/g)/2.
2, 5
Suppose -2*g + 4*p = -8366, 0 = 11*g - 9*g - 5*p - 8366. What are the prime factors of g?
47, 89
Suppose -13*p = 4*b - 12*p - 199, 2*b + 3*p = 107. What are the prime factors of b?
7
Let m be (-8)/14*(-14)/4. Suppose 3*o - 3*r = -12, -m*o + 3*o - 4*r + 13 = 0. List the prime factors of 4/(7 - o)*468/3.
2, 3, 13
Suppose 7919 = 4*p - 4*h + 1323, -2*p - 3*h + 3303 = 0. Suppose 0 = -15*b + 9*b + p. What are the prime factors of b?
5, 11
Let q = 12 + -14. Let d(p) = -51*p - 7. Let n(a) = 26*a + 3. Let h(w) = q*d(w) - 5*n(w). List the prime factors of h(-1).
3
Let b = -72 + 74. Suppose b*q = -2*q - q. Suppose 0 = 9*d - q*d - 900. What are the prime factors of d?
2, 5
Let f(j